{"id":31,"date":"2018-06-27T14:25:59","date_gmt":"2018-06-27T12:25:59","guid":{"rendered":"http:\/\/localhost:8888\/wordpress496\/?page_id=31"},"modified":"2025-11-06T11:41:55","modified_gmt":"2025-11-06T10:41:55","slug":"team","status":"publish","type":"page","link":"https:\/\/grub-architekten.de\/?page_id=31","title":{"rendered":"Team"},"content":{"rendered":"<div>\n<div><\/div>\n<\/div>\n<h1>\n<h3 style=\"text-align: center;\">PARTNER<\/h3>\n<\/h1>\n<div>\n<p>        <img src=\"\/wp-content\/uploads\/2022\/03\/DSC_8353sw_h_grub_600px-fe1a2ea2.jpeg\" alt=\"\"><\/p>\n<div>\n<h3>Horst Grub<\/h3>\n<div>\n<p class=\"p1\">Dipl.-Ing. Architekt<br \/>geb. 1940<\/p>\n<ul>\n<li class=\"p1\">Gesellschafter<\/li>\n<li class=\"p1\">Diplom an der TU M\u00fcnchen 1967<\/li>\n<li class=\"p1\">Architekt seit 1972<\/li>\n<\/ul>\n<\/div>\n<\/div>\n<\/div>\n<div>\n<p>        <img src=\"\/wp-content\/uploads\/2022\/03\/DSC_8954sw_m_grub_600px-d4c29186.jpeg\" alt=\"\"><\/p>\n<div>\n<h3>Martin Grub<\/h3>\n<div>\n<p class=\"p1\">Dipl.-Ing. Architekt<br \/>geb. 1969<\/p>\n<ul>\n<li class=\"p1\">Gesellschafter und Gesch\u00e4ftsf\u00fchrer<\/li>\n<li class=\"p1\">Diplom an der TU Kaiserslautern 1997<\/li>\n<li class=\"p1\">Architekt seit 1999<\/li>\n<li class=\"p1\">Mitglied der Architektenkammer Rheinland-Pfalz<\/li>\n<li class=\"p1\">Beratender Ingenieur, Ingenieurkammer Rheinland-Pfalz<\/li>\n<\/ul>\n<\/div>\n<\/div>\n<\/div>\n<h1>\n<h3 style=\"text-align: center;\">MITARBEITER<\/h3>\n<\/h1>\n<div>\n<p>        <img src=\"\/wp-content\/uploads\/2019\/01\/DSC_8857_sw_500px.jpg\" alt=\"\"><\/p>\n<div>\n<h3>Jens Satory<\/h3>\n<div>\n<p class=\"p1\">Dipl.-Ing. (FH) Architekt<\/p>\n<\/div>\n<\/div>\n<\/div>\n<div>\n<p>        <img src=\"\/wp-content\/uploads\/2019\/01\/DSC_8640_sw_500px.jpg\" alt=\"\"><\/p>\n<div>\n<h3>Tamara Kahl<\/h3>\n<div>\n<p class=\"p1\">B\u00fcrokauffrau<\/p>\n<\/div>\n<\/div>\n<\/div>\n<div>\n<p>        <img src=\"\/wp-content\/uploads\/2019\/01\/DSC_8932sw_Paul_zwech.jpg\" alt=\"\"><\/p>\n<div>\n<h3>Paul Zwezich<\/h3>\n<div>\n<p class=\"p1\">M.A. Architekt<\/p>\n<\/div>\n<\/div>\n<\/div>\n<div>\n<p>        <img src=\"\/wp-content\/uploads\/2019\/01\/DSC_8833sw_500px.jpg\" alt=\"\"><\/p>\n<div>\n<h3>Gerhard M\u00fcller<\/h3>\n<div>\n<p class=\"p1\">Bausachverst\u00e4ndiger<\/p>\n<\/div>\n<\/div>\n<\/div>\n<div>\n<p>        <img src=\"\/wp-content\/uploads\/2019\/01\/DSC_8561_sw_500px.jpg\" alt=\"\"><\/p>\n<div>\n<h3>Olga Asberger<\/h3>\n<div>\n<p class=\"p1\">B\u00fcrokauffrau<\/p>\n<\/div>\n<\/div>\n<\/div>\n<div>\n<p>        <img src=\"\/wp-content\/uploads\/2022\/03\/katja-greb_optimiert_2_500px.jpg\" alt=\"\"><\/p>\n<div>\n<h3>Katja Greb<\/h3>\n<div>\n<p class=\"p1\">B\u00fcrokauffrau<\/p>\n<\/div>\n<\/div>\n<\/div>\n<div>\n<p>        <img src=\"\/wp-content\/uploads\/2022\/04\/peter-schneider_01_500px.jpg\" alt=\"\"><\/p>\n<div>\n<h3>Peter Schneider<\/h3>\n<div>\n<p class=\"p1\">Dipl.-Ing. (FH) | SIGEKO<\/p>\n<\/div>\n<\/div>\n<\/div>\n<div>\n<p>        <img src=\"\/wp-content\/uploads\/2022\/04\/janina-gauf_02_500px.jpg\" alt=\"\"><\/p>\n<div>\n<h3>Janina Gauf<\/h3>\n<div>\n<p class=\"p1\">Dipl.-Ing.<\/p>\n<\/div>\n<\/div>\n<\/div>\n<div>\n<p>        <img src=\"\/wp-content\/uploads\/2022\/04\/kim-blietschau_01_500px.jpg\" alt=\"\"><\/p>\n<div>\n<h3>Kim Schneider<\/h3>\n<div>\n<p class=\"p1\">Dipl.-Ing.<\/p>\n<\/div>\n<\/div>\n<\/div>\n<div>\n<p>        <img src=\"\/wp-content\/uploads\/2022\/04\/steffen-schroeder_00_500px.jpg\" alt=\"\"><\/p>\n<div>\n<h3>Steffen Schr\u00f6der<\/h3>\n<div>\n<p class=\"p1\">M.A.<\/p>\n<\/div>\n<\/div>\n<\/div>\n<div>\n<p>        <img src=\"\/wp-content\/uploads\/2022\/03\/avatar_m_framed.png\" alt=\"\"><\/p>\n<div>\n<h3>Oliver Pulich<\/h3>\n<div>\n<p class=\"p1\">B.A. | Werkstudent<\/p>\n<\/div>\n<\/div>\n<\/div>\n<p><!--more--><br \/>\n<!-- {\"type\":\"layout\",\"children\":[{\"type\":\"section\",\"props\":{\"style\":\"default\",\"width\":\"default\",\"vertical_align\":\"middle\",\"title_position\":\"top-left\",\"title_rotation\":\"left\",\"title_breakpoint\":\"xl\",\"image_position\":\"center-center\",\"padding\":\"none\",\"header_transparent_noplaceholder\":false,\"padding_remove_top\":true,\"padding_remove_bottom\":true},\"children\":[{\"type\":\"row\",\"props\":{\"row_gap\":\"small\",\"margin\":\"small\",\"margin_remove_bottom\":true,\"margin_remove_top\":true,\"divider\":false},\"children\":[{\"type\":\"column\",\"props\":{\"image_position\":\"center-center\",\"media_overlay_gradient\":\"\",\"width_medium\":\"1-1\",\"position_sticky_breakpoint\":\"m\"},\"children\":[{\"type\":\"text\",\"props\":{\"margin\":\"remove-vertical\",\"column_breakpoint\":\"m\",\"content\":\"\n\n<div>[smartslider3 slider=9]<\\\/div>\",\"margin_remove_bottom\":true}},{\"type\":\"headline\",\"props\":{\"title_element\":\"h1\",\"content\":\"\n\n<h3 style=\\\"text-align: center;\\\">PARTNER<\\\/h3>\",\"margin_remove_top\":true}}]}]},{\"type\":\"row\",\"props\":{\"layout\":\"1-2,1-2\",\"column_gap\":\"medium\",\"row_gap\":\"medium\",\"width\":\"default\",\"margin\":\"default\"},\"children\":[{\"type\":\"column\",\"props\":{\"image_position\":\"center-center\",\"media_overlay_gradient\":\"\",\"width_large\":\"1-2\",\"position_sticky_breakpoint\":\"m\"},\"children\":[{\"type\":\"panel\",\"props\":{\"link_text\":\"Read more\",\"title_hover_style\":\"reset\",\"title_element\":\"h3\",\"title_align\":\"top\",\"title_grid_width\":\"1-2\",\"title_grid_breakpoint\":\"m\",\"meta_style\":\"meta\",\"meta_align\":\"below-title\",\"image_align\":\"top\",\"image_grid_width\":\"1-2\",\"image_grid_breakpoint\":\"m\",\"image_svg_color\":\"emphasis\",\"link_style\":\"default\",\"margin\":\"default\",\"image\":\"wp-content\\\/uploads\\\/2022\\\/03\\\/DSC_8353sw_h_grub_600px-fe1a2ea2.jpeg\",\"content\":\"\n\n<h3>Horst Grub<\\\/h3>\\n\n\n<div>\\n\n\n<p class=\\\"p1\\\">Dipl.-Ing. Architekt<br \\\/>geb. 1940<\\\/p>\\n\n\n<ul>\\n\n\n<li class=\\\"p1\\\">Gesellschafter<\\\/li>\\n\n\n<li class=\\\"p1\\\">Diplom an der TU M\\u00fcnchen 1967<\\\/li>\\n\n\n<li class=\\\"p1\\\">Architekt seit 1972<\\\/li>\\n<\\\/ul>\\n<\\\/div>\",\"icon_width\":80,\"panel_padding\":\"\",\"panel_card_size\":\"\",\"meta_element\":\"div\",\"content_column_breakpoint\":\"m\"}}]},{\"type\":\"column\",\"props\":{\"image_position\":\"center-center\",\"media_overlay_gradient\":\"\",\"width_large\":\"1-2\",\"position_sticky_breakpoint\":\"m\"},\"children\":[{\"type\":\"panel\",\"props\":{\"link_text\":\"Read more\",\"title_hover_style\":\"reset\",\"title_element\":\"h3\",\"title_align\":\"top\",\"title_grid_width\":\"1-2\",\"title_grid_breakpoint\":\"m\",\"meta_style\":\"meta\",\"meta_align\":\"below-title\",\"image_align\":\"top\",\"image_grid_width\":\"1-2\",\"image_grid_breakpoint\":\"m\",\"image_svg_color\":\"emphasis\",\"link_style\":\"default\",\"margin\":\"default\",\"image\":\"wp-content\\\/uploads\\\/2022\\\/03\\\/DSC_8954sw_m_grub_600px-d4c29186.jpeg\",\"content\":\"\n\n<h3>Martin Grub<\\\/h3>\\n\n\n<div>\\n\n\n<p class=\\\"p1\\\">Dipl.-Ing. Architekt<br \\\/>geb. 1969<\\\/p>\\n\n\n<ul>\\n\n\n<li class=\\\"p1\\\">Gesellschafter und Gesch\\u00e4ftsf\\u00fchrer<\\\/li>\\n\n\n<li class=\\\"p1\\\">Diplom an der TU Kaiserslautern 1997<\\\/li>\\n\n\n<li class=\\\"p1\\\">Architekt seit 1999<\\\/li>\\n\n\n<li class=\\\"p1\\\">Mitglied der Architektenkammer Rheinland-Pfalz<\\\/li>\\n\n\n<li class=\\\"p1\\\">Beratender Ingenieur, Ingenieurkammer Rheinland-Pfalz<\\\/li>\\n<\\\/ul>\\n<\\\/div>\",\"icon_width\":80,\"panel_padding\":\"\",\"panel_card_size\":\"\",\"meta_element\":\"div\",\"content_column_breakpoint\":\"m\"}}]}]}]},{\"type\":\"section\",\"props\":{\"style\":\"default\",\"width\":\"default\",\"vertical_align\":\"middle\",\"title_position\":\"top-left\",\"title_rotation\":\"left\",\"title_breakpoint\":\"xl\",\"image_position\":\"center-center\",\"padding\":\"none\"},\"children\":[{\"type\":\"row\",\"props\":{\"column_gap\":\"small\",\"row_gap\":\"small\"},\"children\":[{\"type\":\"column\",\"props\":{\"image_position\":\"center-center\",\"media_overlay_gradient\":\"\",\"width_medium\":\"1-1\",\"position_sticky_breakpoint\":\"m\"},\"children\":[{\"type\":\"headline\",\"props\":{\"title_element\":\"h1\",\"content\":\"\n\n<h3 style=\\\"text-align: center;\\\">MITARBEITER<\\\/h3>\"}}]}]},{\"type\":\"row\",\"props\":{\"layout\":\"1-4,1-4,1-4,1-4|1-2,1-2,1-2,1-2\",\"column_gap\":\"medium\",\"row_gap\":\"medium\"},\"children\":[{\"type\":\"column\",\"props\":{\"image_position\":\"center-center\",\"media_overlay_gradient\":\"\",\"width_medium\":\"1-4\",\"width_small\":\"1-2\",\"position_sticky_breakpoint\":\"m\"},\"children\":[{\"type\":\"panel\",\"props\":{\"link_text\":\"Read more\",\"title_hover_style\":\"reset\",\"title_element\":\"h3\",\"title_align\":\"top\",\"title_grid_width\":\"1-2\",\"title_grid_breakpoint\":\"m\",\"meta_style\":\"meta\",\"meta_align\":\"below-title\",\"image_align\":\"top\",\"image_grid_width\":\"1-2\",\"image_grid_breakpoint\":\"m\",\"image_svg_color\":\"emphasis\",\"link_style\":\"default\",\"margin\":\"default\",\"image\":\"wp-content\\\/uploads\\\/2019\\\/01\\\/DSC_8857_sw_500px.jpg\",\"content\":\"\n\n<h3>Jens Satory<\\\/h3>\\n\n\n<div>\\n\n\n<p class=\\\"p1\\\">Dipl.-Ing. (FH) Architekt<\\\/p>\\n<\\\/div>\",\"icon_width\":80,\"panel_padding\":\"\",\"panel_card_size\":\"\",\"meta_element\":\"div\",\"content_column_breakpoint\":\"m\"}}]},{\"type\":\"column\",\"props\":{\"image_position\":\"center-center\",\"media_overlay_gradient\":\"\",\"width_medium\":\"1-4\",\"width_small\":\"1-2\",\"position_sticky_breakpoint\":\"m\"},\"children\":[{\"type\":\"panel\",\"props\":{\"link_text\":\"Read more\",\"title_hover_style\":\"reset\",\"title_element\":\"h3\",\"title_align\":\"top\",\"title_grid_width\":\"1-2\",\"title_grid_breakpoint\":\"m\",\"meta_style\":\"meta\",\"meta_align\":\"below-title\",\"image_align\":\"top\",\"image_grid_width\":\"1-2\",\"image_grid_breakpoint\":\"m\",\"image_svg_color\":\"emphasis\",\"link_style\":\"default\",\"margin\":\"default\",\"image\":\"wp-content\\\/uploads\\\/2019\\\/01\\\/DSC_8640_sw_500px.jpg\",\"content\":\"\n\n<h3>Tamara Kahl<\\\/h3>\\n\n\n<div>\\n\n\n<p class=\\\"p1\\\">B\\u00fcrokauffrau<\\\/p>\\n<\\\/div>\",\"icon_width\":80,\"panel_padding\":\"\",\"panel_card_size\":\"\",\"meta_element\":\"div\",\"content_column_breakpoint\":\"m\"}}]},{\"type\":\"column\",\"props\":{\"image_position\":\"center-center\",\"media_overlay_gradient\":\"\",\"width_medium\":\"1-4\",\"width_small\":\"1-2\",\"position_sticky_breakpoint\":\"m\"},\"children\":[{\"type\":\"panel\",\"props\":{\"link_text\":\"Read more\",\"title_hover_style\":\"reset\",\"title_element\":\"h3\",\"title_align\":\"top\",\"title_grid_width\":\"1-2\",\"title_grid_breakpoint\":\"m\",\"meta_style\":\"meta\",\"meta_align\":\"below-title\",\"image_align\":\"top\",\"image_grid_width\":\"1-2\",\"image_grid_breakpoint\":\"m\",\"image_svg_color\":\"emphasis\",\"link_style\":\"default\",\"margin\":\"default\",\"image\":\"wp-content\\\/uploads\\\/2019\\\/01\\\/DSC_8932sw_Paul_zwech.jpg\",\"content\":\"\n\n<h3>Paul Zwezich<\\\/h3>\\n\n\n<div>\\n\n\n<p class=\\\"p1\\\">M.A. Architekt<\\\/p>\\n<\\\/div>\",\"icon_width\":80,\"panel_padding\":\"\",\"panel_card_size\":\"\",\"meta_element\":\"div\",\"content_column_breakpoint\":\"m\"}}]},{\"type\":\"column\",\"props\":{\"image_position\":\"center-center\",\"media_overlay_gradient\":\"\",\"width_medium\":\"1-4\",\"width_small\":\"1-2\",\"position_sticky_breakpoint\":\"m\"},\"children\":[{\"type\":\"panel\",\"props\":{\"link_text\":\"Read more\",\"title_hover_style\":\"reset\",\"title_element\":\"h3\",\"title_align\":\"top\",\"title_grid_width\":\"1-2\",\"title_grid_breakpoint\":\"m\",\"meta_style\":\"meta\",\"meta_align\":\"below-title\",\"image_align\":\"top\",\"image_grid_width\":\"1-2\",\"image_grid_breakpoint\":\"m\",\"image_svg_color\":\"emphasis\",\"link_style\":\"default\",\"margin\":\"default\",\"image\":\"wp-content\\\/uploads\\\/2019\\\/01\\\/DSC_8833sw_500px.jpg\",\"content\":\"\n\n<h3>Gerhard M\\u00fcller<\\\/h3>\\n\n\n<div>\\n\n\n<p class=\\\"p1\\\">Bausachverst\\u00e4ndiger<\\\/p>\\n<\\\/div>\",\"icon_width\":80,\"panel_padding\":\"\",\"panel_card_size\":\"\",\"meta_element\":\"div\",\"content_column_breakpoint\":\"m\"}}]}]},{\"type\":\"row\",\"props\":{\"layout\":\"1-4,1-4,1-4,1-4|1-2,1-2,1-2,1-2\",\"column_gap\":\"medium\",\"row_gap\":\"medium\"},\"children\":[{\"type\":\"column\",\"props\":{\"image_position\":\"center-center\",\"media_overlay_gradient\":\"\",\"width_medium\":\"1-4\",\"width_small\":\"1-2\",\"position_sticky_breakpoint\":\"m\"},\"children\":[{\"type\":\"panel\",\"props\":{\"link_text\":\"Read more\",\"title_hover_style\":\"reset\",\"title_element\":\"h3\",\"title_align\":\"top\",\"title_grid_width\":\"1-2\",\"title_grid_breakpoint\":\"m\",\"meta_style\":\"meta\",\"meta_align\":\"below-title\",\"image_align\":\"top\",\"image_grid_width\":\"1-2\",\"image_grid_breakpoint\":\"m\",\"image_svg_color\":\"emphasis\",\"link_style\":\"default\",\"margin\":\"default\",\"image\":\"wp-content\\\/uploads\\\/2019\\\/01\\\/DSC_8561_sw_500px.jpg\",\"content\":\"\n\n<h3>Olga Asberger<\\\/h3>\\n\n\n<div>\\n\n\n<p class=\\\"p1\\\">B\\u00fcrokauffrau<\\\/p>\\n<\\\/div>\",\"icon_width\":80,\"panel_padding\":\"\",\"panel_card_size\":\"\",\"meta_element\":\"div\",\"content_column_breakpoint\":\"m\"}}]},{\"type\":\"column\",\"props\":{\"image_position\":\"center-center\",\"media_overlay_gradient\":\"\",\"width_medium\":\"1-4\",\"width_small\":\"1-2\",\"position_sticky_breakpoint\":\"m\"},\"children\":[{\"type\":\"panel\",\"props\":{\"link_text\":\"Read more\",\"title_hover_style\":\"reset\",\"title_element\":\"h3\",\"title_align\":\"top\",\"title_grid_width\":\"1-2\",\"title_grid_breakpoint\":\"m\",\"meta_style\":\"meta\",\"meta_align\":\"below-title\",\"image_align\":\"top\",\"image_grid_width\":\"1-2\",\"image_grid_breakpoint\":\"m\",\"image_svg_color\":\"emphasis\",\"link_style\":\"default\",\"margin\":\"default\",\"image\":\"wp-content\\\/uploads\\\/2022\\\/03\\\/katja-greb_optimiert_2_500px.jpg\",\"content\":\"\n\n<h3>Katja Greb<\\\/h3>\\n\n\n<div>\\n\n\n<p class=\\\"p1\\\">B\\u00fcrokauffrau<\\\/p>\\n<\\\/div>\",\"icon_width\":80,\"panel_padding\":\"\",\"panel_card_size\":\"\",\"meta_element\":\"div\",\"content_column_breakpoint\":\"m\"}}]},{\"type\":\"column\",\"props\":{\"image_position\":\"center-center\",\"media_overlay_gradient\":\"\",\"width_medium\":\"1-4\",\"width_small\":\"1-2\",\"position_sticky_breakpoint\":\"m\"},\"children\":[{\"type\":\"panel\",\"props\":{\"link_text\":\"Read more\",\"title_hover_style\":\"reset\",\"title_element\":\"h3\",\"title_align\":\"top\",\"title_grid_width\":\"1-2\",\"title_grid_breakpoint\":\"m\",\"meta_style\":\"meta\",\"meta_align\":\"below-title\",\"image_align\":\"top\",\"image_grid_width\":\"1-2\",\"image_grid_breakpoint\":\"m\",\"image_svg_color\":\"emphasis\",\"link_style\":\"default\",\"margin\":\"default\",\"image\":\"wp-content\\\/uploads\\\/2022\\\/04\\\/peter-schneider_01_500px.jpg\",\"content\":\"\n\n<h3>Peter Schneider<\\\/h3>\\n\n\n<div>\\n\n\n<p class=\\\"p1\\\">Dipl.-Ing. (FH) | SIGEKO<\\\/p>\\n<\\\/div>\",\"icon_width\":80,\"panel_padding\":\"\",\"panel_card_size\":\"\",\"meta_element\":\"div\",\"content_column_breakpoint\":\"m\"}}]},{\"type\":\"column\",\"props\":{\"image_position\":\"center-center\",\"media_overlay_gradient\":\"\",\"width_medium\":\"1-4\",\"width_small\":\"1-2\",\"position_sticky_breakpoint\":\"m\"},\"children\":[{\"type\":\"panel\",\"props\":{\"link_text\":\"Read more\",\"title_hover_style\":\"reset\",\"title_element\":\"h3\",\"title_align\":\"top\",\"title_grid_width\":\"1-2\",\"title_grid_breakpoint\":\"m\",\"meta_style\":\"meta\",\"meta_align\":\"below-title\",\"image_align\":\"top\",\"image_grid_width\":\"1-2\",\"image_grid_breakpoint\":\"m\",\"image_svg_color\":\"emphasis\",\"link_style\":\"default\",\"margin\":\"default\",\"image\":\"wp-content\\\/uploads\\\/2022\\\/04\\\/janina-gauf_02_500px.jpg\",\"content\":\"\n\n<h3>Janina Gauf<\\\/h3>\\n\n\n<div>\\n\n\n<p class=\\\"p1\\\">Dipl.-Ing.<\\\/p>\\n<\\\/div>\",\"icon_width\":80,\"panel_padding\":\"\",\"panel_card_size\":\"\",\"meta_element\":\"div\",\"content_column_breakpoint\":\"m\"}}]}]},{\"type\":\"row\",\"props\":{\"layout\":\"1-4,1-4,1-4,1-4|1-2,1-2,1-2,1-2\",\"column_gap\":\"medium\",\"row_gap\":\"medium\"},\"children\":[{\"type\":\"column\",\"props\":{\"image_position\":\"center-center\",\"media_overlay_gradient\":\"\",\"width_medium\":\"1-4\",\"width_small\":\"1-2\",\"position_sticky_breakpoint\":\"m\"},\"children\":[{\"type\":\"panel\",\"props\":{\"link_text\":\"Read more\",\"title_hover_style\":\"reset\",\"title_element\":\"h3\",\"title_align\":\"top\",\"title_grid_width\":\"1-2\",\"title_grid_breakpoint\":\"m\",\"meta_style\":\"meta\",\"meta_align\":\"below-title\",\"image_align\":\"top\",\"image_grid_width\":\"1-2\",\"image_grid_breakpoint\":\"m\",\"image_svg_color\":\"emphasis\",\"link_style\":\"default\",\"margin\":\"default\",\"image\":\"wp-content\\\/uploads\\\/2022\\\/04\\\/kim-blietschau_01_500px.jpg\",\"content\":\"\n\n<h3>Kim Schneider<\\\/h3>\\n\n\n<div>\\n\n\n<p class=\\\"p1\\\">Dipl.-Ing.<\\\/p>\\n<\\\/div>\",\"icon_width\":80,\"panel_padding\":\"\",\"panel_card_size\":\"\",\"meta_element\":\"div\",\"content_column_breakpoint\":\"m\"}}]},{\"type\":\"column\",\"props\":{\"image_position\":\"center-center\",\"media_overlay_gradient\":\"\",\"width_medium\":\"1-4\",\"width_small\":\"1-2\",\"position_sticky_breakpoint\":\"m\"},\"children\":[{\"type\":\"panel\",\"props\":{\"link_text\":\"Read more\",\"title_hover_style\":\"reset\",\"title_element\":\"h3\",\"title_align\":\"top\",\"title_grid_width\":\"1-2\",\"title_grid_breakpoint\":\"m\",\"meta_style\":\"meta\",\"meta_align\":\"below-title\",\"image_align\":\"top\",\"image_grid_width\":\"1-2\",\"image_grid_breakpoint\":\"m\",\"image_svg_color\":\"emphasis\",\"link_style\":\"default\",\"margin\":\"default\",\"image\":\"wp-content\\\/uploads\\\/2022\\\/04\\\/steffen-schroeder_00_500px.jpg\",\"content\":\"\n\n<h3>Steffen Schr\\u00f6der<\\\/h3>\\n\n\n<div>\\n\n\n<p class=\\\"p1\\\">M.A.<\\\/p>\\n<\\\/div>\",\"icon_width\":80,\"panel_padding\":\"\",\"panel_card_size\":\"\",\"meta_element\":\"div\",\"content_column_breakpoint\":\"m\"}}]},{\"type\":\"column\",\"props\":{\"image_position\":\"center-center\",\"media_overlay_gradient\":\"\",\"width_medium\":\"1-4\",\"width_small\":\"1-2\",\"position_sticky_breakpoint\":\"m\"},\"children\":[{\"type\":\"panel\",\"props\":{\"link_text\":\"Read more\",\"title_hover_style\":\"reset\",\"title_element\":\"h3\",\"title_align\":\"top\",\"title_grid_width\":\"1-2\",\"title_grid_breakpoint\":\"m\",\"meta_style\":\"meta\",\"meta_align\":\"below-title\",\"image_align\":\"top\",\"image_grid_width\":\"1-2\",\"image_grid_breakpoint\":\"m\",\"image_svg_color\":\"emphasis\",\"link_style\":\"default\",\"margin\":\"default\",\"image\":\"wp-content\\\/uploads\\\/2022\\\/03\\\/avatar_m_framed.png\",\"content\":\"\n\n<h3>Oliver Pulich<\\\/h3>\\n\n\n<div>\\n\n\n<p class=\\\"p1\\\">B.A. | Werkstudent<\\\/p>\\n<\\\/div>\",\"icon_width\":80,\"panel_padding\":\"\",\"panel_card_size\":\"\",\"meta_element\":\"div\",\"content_column_breakpoint\":\"m\"}}]},{\"type\":\"column\",\"props\":{\"image_position\":\"center-center\",\"media_overlay_gradient\":\"\",\"width_medium\":\"1-4\",\"width_small\":\"1-2\",\"position_sticky_breakpoint\":\"m\"},\"children\":[]}]}]}],\"version\":\"2.7.20\"} --><\/p>\n","protected":false},"excerpt":{"rendered":"<p>PARTNER Horst Grub Dipl.-Ing. Architektgeb. 1940 Gesellschafter Diplom an der TU M\u00fcnchen 1967 Architekt seit 1972 Martin Grub Dipl.-Ing. Architektgeb. 1969 Gesellschafter und Gesch\u00e4ftsf\u00fchrer Diplom an der TU Kaiserslautern 1997 Architekt seit 1999 Mitglied der Architektenkammer Rheinland-Pfalz Beratender Ingenieur, Ingenieurkammer Rheinland-Pfalz MITARBEITER Jens Satory Dipl.-Ing. (FH) Architekt Tamara Kahl B\u00fcrokauffrau Paul Zwezich M.A. Architekt Gerhard [&hellip;]<\/p>\n","protected":false},"author":1,"featured_media":0,"parent":0,"menu_order":0,"comment_status":"closed","ping_status":"closed","template":"","meta":[],"_links":{"self":[{"href":"https:\/\/grub-architekten.de\/index.php?rest_route=\/wp\/v2\/pages\/31"}],"collection":[{"href":"https:\/\/grub-architekten.de\/index.php?rest_route=\/wp\/v2\/pages"}],"about":[{"href":"https:\/\/grub-architekten.de\/index.php?rest_route=\/wp\/v2\/types\/page"}],"author":[{"embeddable":true,"href":"https:\/\/grub-architekten.de\/index.php?rest_route=\/wp\/v2\/users\/1"}],"replies":[{"embeddable":true,"href":"https:\/\/grub-architekten.de\/index.php?rest_route=%2Fwp%2Fv2%2Fcomments&post=31"}],"version-history":[{"count":173,"href":"https:\/\/grub-architekten.de\/index.php?rest_route=\/wp\/v2\/pages\/31\/revisions"}],"predecessor-version":[{"id":1527,"href":"https:\/\/grub-architekten.de\/index.php?rest_route=\/wp\/v2\/pages\/31\/revisions\/1527"}],"wp:attachment":[{"href":"https:\/\/grub-architekten.de\/index.php?rest_route=%2Fwp%2Fv2%2Fmedia&parent=31"}],"curies":[{"name":"wp","href":"https:\/\/api.w.org\/{rel}","templated":true}]}}